0 - b**4/8 + 5*b**3/3 - 418*b**2. Give p(0).
10
Let s(x) = x**3 - 10*x**2 - 11*x + 2. Suppose 3*u - 152 = -u - 3*z, -4*z = 0. Suppose 5*y = 3*v - 23, -3*v = y + 3 - u. What is s(v)?
2
Let w be (-1 - 1)/(2*(0 - 1)). Let r be (-1)/(-2)*-3*-2. Let j(o) = o**2 + o**3 - 1 + o - 4*o**3 - 2*o**r. Give j(w).
-4
Let n(q) = 2*q**3 - 2*q**2 - 41*q + 86. Let z be n(2). Let v(s) = s**3 - 14*s**2 + 24*s + 6. Determine v(z).
6
Let r(s) = -s**3 + 4*s**2 + 6*s - 3. Let x be r(5). Let y(v) = -3*v + 2*v + 4*v**3 + 0*v**2 + x*v**2. Let t(z) = 59*z + 296. Let u be t(-5). Give y(u).
5
Let d(s) = 26*s + 3*s**2 + 18*s - 5 - 85*s + 22*s + 17*s + s**3. Give d(-3).
1
Let k(d) = d**2. Let g be (27/(-6))/((-6)/4). Suppose 9 = 5*n + g*q, -q = -4*n - 4 + 1. Determine k(n).
0
Let j(y) = y**3 + 7*y**2 + y + 1. Suppose q - 4 = -3*d - 17, 6 = -3*d. Determine j(q).
-6
Suppose -17*l - 148 = -131. Let m(f) = -16*f**2 - 2*f - 1. Give m(l).
-15
Let w(t) be the first derivative of 0*t**2 - 7 + 1/4*t**4 + 1/15*t**5 + 2/3*t**3 + 1/360*t**6 + 0*t. Let i(c) be the third derivative of w(c). Determine i(-7).
-1
Let m(i) = 9 - 58*i + 28*i + 28*i. What is m(10)?
-11
Suppose -z + 7*z = 12. Suppose 0*o - z*o - 28 = 0. Let c be 44/o + (-5)/(-35). Let r(x) = -x + 2. Give r(c).
5
Suppose -4*i + 16 + 0 = 0. Suppose 5*r + i*t - 25 = 0, 0 = 5*r - 5*t - 25. Let z(m) = m**2 - 8*m + 1. What is z(r)?
-14
Let x(h) be the first derivative of -h**2/2 + 5*h + 119. What is x(4)?
1
Let q(x) be the third derivative of -x**5/20 + x**4/12 + x**3/6 + 3*x**2 - 4. Calculate q(-1).
-4
Let r = 39 - 33. Suppose 39 - 21 = -r*x. Let a(b) = 2*b**2 + 2*b - 3. Calculate a(x).
9
Let l be (152/(-40) + 3)/(6/(-75)). Let g(m) be the second derivative of m**5/20 - 5*m**4/6 + 3*m**2/2 - 2*m. Calculate g(l).
3
Let h(t) = 11*t + 26. Let o be h(-3). Let r(c) = -3*c + 9. Determine r(o).
30
Let u(w) = -3*w**3 - 2*w**2 - w + 1. Let q(x) = -13*x**3 - 9*x**2 - 7*x + 3. Let g(l) = -q(l) + 5*u(l). Suppose 1 + 7 = -4*f. Give g(f).
10
Let t(h) = h**2 - 8*h + 1. Let y be t(9). Let m(v) = v**2 - 10*v + 2. Let f be m(y). Let s(j) = 6 + 30*j**2 - 31*j**f + j + 0. What is s(0)?
6
Let k = -191 + 189. Let o(r) = -7*r**2 + r + 2. What is o(k)?
-28
Let i(b) = 0*b - 6 + 10 - 5*b + 4*b. What is i(-3)?
7
Let v(m) = 5*m**2 - 2*m**2 - 3*m**2 + m**2 - 5*m**3 - m + m**2. Give v(1).
-4
Suppose -24*b = -23*b + 6. Let c(p) = -p**3 - 7*p**2 - 8*p - 8. Determine c(b).
4
Let w(n) = n**3 - n**2 - 3*n + 1. Let j be w(2). Let q(m) be the second derivative of -13*m + 4/3*m**3 + 0 + 1/2*m**2. Determine q(j).
-7
Let j(o) = -3 - 101*o + 6 + 97*o. Suppose 5*f - 8 - 19 = 4*v, 2*f = 3*v + 8. Determine j(f).
-25
Suppose 4*p - 41*p - 222 = 0. Let g(s) be the third derivative of -s**6/120 - s**5/10 + s**3/6 + 3*s**2. Calculate g(p).
1
Let k(y) = 7*y - 188. Let z be k(27). Let q(l) = 7*l - 3. Calculate q(z).
4
Let g(a) = a**2 + 12*a + 5. Let l(d) = d**3 + 11*d**2 + 5*d - 61. Let v be l(-10). What is g(v)?
-6
Let v = 384 + -385. Let t(o) = -33*o**3 - 2*o - 1. What is t(v)?
34
Let i(f) = 34 + 6*f - 73 + f**2 + 35. Suppose 0 = -3*l - 2*l - 15. What is i(l)?
-13
Let a be (3 - -3) + (-3 - -3 - 3). Let y(n) = -5*n**2 - 2*n**2 + 3 + 202*n**a + 4 - 201*n**3. Give y(7).
7
Let w(x) = -10*x - 8. Let v(m) = -2*m - 1. Let o(g) = -11*v(g) + 2*w(g). Determine o(7).
9
Let o = 17 - 24. Let j be (-11)/o + 3/7. Let q(r) be the third derivative of -5*r**4/24 + r**3/2 - 78*r**2. Give q(j).
-7
Let v(r) = -612*r - 3 + 6 + 0 + 0 + 598*r. What is v(3)?
-39
Let y be 55/22*(1 - (-105)/(-25)). Let j(c) = 0*c + 5*c + 8 - 3*c. Give j(y).
-8
Let n(f) = -f. Let k be 5 + -2*1/2. Suppose 0 = -z + k - 2. What is n(z)?
-2
Suppose 0 = -2*q + 4*q. Suppose q = h + 2*y + 2*y + 5, -25 = 5*h + 4*y. Let a(t) be the first derivative of -t**3/3 - 3*t**2/2 + 4*t + 770. What is a(h)?
-6
Let v be ((-2)/6)/(6/(-18)). Let z(n) = n**3 + 10*n**2 + 10*n + 11. Let q be z(-9). Let k(u) = -3*u + 0 + 2*u - v - q*u. Calculate k(-3).
8
Let l(g) = -g**2 - 5*g - 12. Suppose -76*c + 82*c = 0. What is l(c)?
-12
Let u(t) = 4 - 4*t - 2*t + 3*t. Suppose 0*r + 4*r - 285 = -5*m, 2*r = 5*m - 315. Let o = m - 64. Calculate u(o).
13
Let q be 192/33 - 10/(-55) - 2. Let s(x) be the first derivative of -x**3/3 + x**2 + x - 11. Determine s(q).
-7
Let p(m) be the first derivative of 5*m**4/4 - 2*m**3/3 + m**2 + 8. Let d be p(1). Let i(f) = -7*f - 10*f - 3 + 13*f - 2*f**3 - d*f**2 + f**3. What is i(-3)?
-9
Suppose -880*u + 872*u = 0. Let z(l) = 2*l. Let p be z(2). Suppose -5*q - 45 = p*j, u = 2*q + 2*q - 3*j + 5. Let n(i) = i**3 + 6*i**2 + 5*i + 2. What is n(q)?
2
Let u(q) = 24*q**2 + 17*q - 4. Let b(w) = w**2 + 3*w - 1. Let y(l) = 5*b(l) - u(l). Determine y(-1).
-18
Let a = -103 - -129. Let u(c) = -25*c - a*c - 16*c + 66*c. Determine u(1).
-1
Let c(p) = -2*p**2 + 9*p - 6. Suppose 0*o - 28 = -4*o - 3*u, 4*o - u = 12. Determine c(o).
-2
Let p(t) = -t**2 - t + 6. Suppose 0 = -3*q - 2 - 79. Let m = -19 - q. Suppose -5*h - 4 = -w, 2*h + 3*w + m = 5*w. Give p(h).
6
Let j(u) = -u**3 - 2*u**2 + 3*u + 2. Let o(m) = -m**3 + 5*m**2 - 3*m + 52. Let c be o(6). Determine j(c).
-4
Let m(s) = 1 + 0 + 1 - 2*s - s**2. Let z be (-8)/(-28) + (-190)/(-70) + -8. Calculate m(z).
-13
Let p(j) be the second derivative of 0 - 4*j - 1/2*j**3 - 2*j**2. What is p(4)?
-16
Let a(j) be the second derivative of j**3/6 + 9*j**2/2 + j - 389. What is a(-3)?
6
Let f(b) be the second derivative of -1/2*b**3 + 0 - 21*b + 1/2*b**2. Let c(u) = u**2 + 4*u - 8. Let d be c(-6). What is f(d)?
-11
Let c be 1 - (-1 + 3 + -4). Let d(y) = 10*y + 1. Let h be d(-1). Let z = h + c. Let q(v) = v**3 + 7*v**2 + 5*v + 3. Give q(z).
9
Let w(c) be the second derivative of c**3/6 - c**2/2 - 50*c + 1. Let k = 4 + -7. Calculate w(k).
-4
Let p(n) = -13*n**2 - 3*n - 27. Let q(c) = -23*c**2 - 5*c - 55. Let b(f) = -7*p(f) + 4*q(f). Determine b(0).
-31
Let n(a) = -3*a**2 - 3*a - 2. Let r(j) = -16*j**2 - 19*j - 9. Let f(g) = -11*n(g) + 2*r(g). Determine f(2).
-2
Let m = 15 + -9. Suppose -4*k - 24 = -2*u, 3*u + 3*k - m = 3. Let t(j) = j. Let i(g) = g**2 - 4*g + 8. Let a(o) = -i(o) + 3*t(o). What is a(u)?
-2
Suppose 0*d + 6 = 3*d. Suppose -8 = -2*s + 2*b, 0 = -2*s + s + 5*b - 8. Let v(k) = -k - 4 + d + s + 0*k**2 - k**2. What is v(-4)?
-7
Let c(s) = s + 5 - 9 - 17 + 8 + 5. What is c(7)?
-1
Let o(t) be the first derivative of -t**3/3 + 3*t**2/2 + t - 1. Let v be (-3 + 3 + -1)*-11. Let y be (-3)/(-12) + v/4. Give o(y).
1
Let l(t) = -t**2 - 7*t + 1. Let n = -99 + 106. Let g(i) = i**2 + 7*i - 1. Let w(m) = n*l(m) + 6*g(m). Give w(-6).
7
Let i(u) be the second derivative of -u**4/12 + 3*u**3/2 + 7*u**2 + 490*u. Calculate i(11).
-8
Let g(d) = 9*d - 1. Let b(y) = 2*y**3 - 44*y**2 - y + 23. Let j be b(22). Calculate g(j).
8
Suppose -1 = -g - y, -2*g + 9 = g - 3*y. Let j(p) = 0*p - p - 71*p**2 + 70*p**g. Give j(-3).
-6
Let v(r) = -11*r - 15 + 15*r + 21 + 2*r**2 - 6*r. Calculate v(3).
18
Let z be (-27)/(-36) + (44/(-16) - -5). Let s(i) be the third derivative of 12*i**2 + 0 + 1/60*i**6 + 0*i**z + 0*i - 1/30*i**5 + 0*i**4. What is s(2)?
8
Let t(k) = k + 9 + 2*k**2 - 7*k - k**2. Suppose 3*c + 3*o - 27 = 0, -4*c + 0*c + 3*o + 15 = 0. What is t(c)?
9
Let b(y) = 7*y + 50. Let f(j) = 10*j**2 - 61*j - 1. Let g be f(6). Determine b(g).
1
Let v be 15*(-4 - 0)/(-4). Let k(q) = q - 14. Let m be k(v). Let d be (-3 - -3)*(0 - m). Let r(x) = x. Calculate r(d).
0
Let n(i) be the first derivative of -i**3/6 - i**2/2 + 13*i - 15. Let y(w) be the first derivative of n(w). What is y(2)?
-3
Let m(l) be the third derivative of -l**6/720 + l**5/12 - 29*l**4/24 + 14*l**2. Let j(p) be the second derivative of m(p). Give j(8).
2
Let b(d) = d**3 + 3*d**2 + d - 1. Let j(m) = 5*m**3 + 14*m**2 - 3. Let f(a) = 3*b(a) - j(a). Give f(-3).
0
Let r be (4*(-3)/6)/(-2). Let w(u) = 3 - 5*u - 3 + 0*u + r. Determine w(-1).
6
Let u(y) = -3*y - 2. Let l = -10 - -18. Suppose -5*b + 2 = -l. Determine u(b).
-8
Let o(i) = -i**2 + 2*i + 912 - 916 - 8*i. Suppose 0*q - 30 = 5*q. What is o(q)?
-4
Let k(h) = -22*h - 2 - 5 + 4 - 1. Let l(f) = -7*f - 1. Let i(w) = -3*k(w) + 10*l(w). Determine i(4).
-14
Let g(r) = 41*r + 43. Let m(k) = -18*k - 21. Let c(n) = 3*g(n) + 7*m(n). Calculate c(-9).
9
Let x(s) = -s. Let w(m) = -12*m - 1. Let y(q) = -w(q) + x(q). Suppose 2*g - 3*b = 